-2)?
5
Let y(d) be the first derivative of d**2 + 8*d + 15. Suppose -27 = -h + 19. What is the remainder when h is divided by y(5)?
10
Suppose w = 4*v + 257, -184*w = -186*w + 4*v + 514. Calculate the remainder when 798 is divided by w.
27
Suppose -3*p - 5*w = -1073, 4*p - 4*w = 9*p - 1810. Suppose -15*s - 141 = -p. Suppose -2*y = y - 84. Calculate the remainder when y is divided by s.
13
Let x = 1079 + -662. Calculate the remainder when x is divided by 92.
49
Suppose 4*o + p = o - 59, 47 = -3*o + 5*p. Let k = o - -32. Suppose 110 = 4*m + m. Calculate the remainder when m is divided by k.
9
Suppose 61*s - 60*s = -43*i + 3478, -5*i = 2*s - 395. Calculate the remainder when 927 is divided by i.
36
Suppose 0 = -2*m + 2*t + 66, 22 = 4*m + 3*t - 110. Calculate the remainder when 359 is divided by m.
29
Suppose -5*d - 175 = -190. Let q(i) = -5*i**3 - i**2 - 2*i - 1. What is the remainder when q(-1) is divided by d?
2
Let d = 20 - 21. Let s(o) = 86*o**3 - o**2 + o + 2. Let t be s(d). Let b = t + 128. Calculate the remainder when b is divided by 22.
20
Let w(v) = 4*v**3 - 6*v**3 + v**3 - 24*v + 26*v + 9*v**2 - 4. Let p = 15 - 6. Calculate the remainder when 55 is divided by w(p).
13
Calculate the remainder when 3399 is divided by -24 + (8 - -7) + 47.
17
Let m be 8/36 + 2/(-9). Suppose m = 4*y - 113 + 369. Let r = -54 - y. What is the remainder when r is divided by 3?
1
Let g = -9 - 5. Calculate the remainder when (g/56)/(2/(-872)) is divided by -5 - (1 + (-13)/((-26)/(-68))).
25
Suppose 2*v + 20 + 38 = 4*u, -5*u + 86 = 2*v. Let x be 0 + ((-1)/9 - 1132/18). Let p = -54 - x. Calculate the remainder when u is divided by p.
7
Let r(y) = -2*y - 16. Let w be r(-2). What is the remainder when 285 is divided by (113/6 - 3) + (-2)/w?
13
Let q = -127 - -618. Suppose t = f + 125, -q = -10*t + 6*t - 5*f. What is the remainder when t is divided by 26?
20
Suppose 0 = -744*m + 731*m + 546. What is the remainder when 1360 is divided by m?
16
Let i(m) = 313*m - 5897. What is the remainder when 7097 is divided by i(19)?
47
Let m(j) = 152*j + 1095. What is the remainder when 274 is divided by m(-7)?
26
Suppose y = 31 - 19. Suppose -3*z = 1 - 7. Suppose -y = -z*x + 118. What is the remainder when x is divided by 17?
14
Let n(q) = -2*q**3 - 17*q**2 + 9*q + 8. Let c be n(-9). Let y be -2 - (1 + -3)*c. Suppose -y*b + 767 = -b. What is the remainder when b is divided by 12?
11
Suppose 16 = -8*a - 8. Let g be (0 + 1/a)/(1/(-39)). Suppose -g*t - 12 = -14*t. Calculate the remainder when 68 is divided by t.
8
Suppose -9 = -8*b - 17. Calculate the remainder when ((-69 - 1) + (-1)/b)*-1 is divided by 9.
6
Suppose 3*j - 5*p = 102 + 63, -135 = -2*j - 5*p. Suppose -104*o + 707 = 83. What is the remainder when j is divided by o?
0
Let y = 24947 + -24800. Calculate the remainder when 1770 is divided by y.
6
Suppose 5*o + 43*m - 40*m = 309, 3*m + 147 = 3*o. What is the remainder when 740 is divided by o?
56
Let m = -13 - -36. Suppose 7*w + 10882 + 32116 = 689*w - 13608. What is the remainder when w is divided by m?
14
Suppose -5*c = -r + 163, 4*r - 3*c - 700 = -7*c. What is the remainder when r is divided by 77?
19
Let s be 32/10 - (-6)/(-30). Let u(z) = 5*z**2 - 3*z + 2. Let k = -9397 + 9469. Calculate the remainder when k is divided by u(s).
34
Let u(x) = 32 - 14 - 3*x**2 - 3*x**2 + 11*x + 0*x**2 + x**3. Calculate the remainder when u(6) is divided by 17 + (-2 - -1) + 1.
16
What is the remainder when 177 is divided by ((-165)/18)/(2*2*(-5)/120)?
12
Let n(h) = 69*h + 1. Suppose -970*a + 52650 + 26534 = 444*a. Calculate the remainder when n(4) is divided by a.
53
Let w = -325 - -114. Let r = w + 227. What is the remainder when r is divided by 11?
5
Let z(n) = 12*n. What is the remainder when z(5) is divided by (-84)/9*(-5)/((-280)/(-144))?
12
Suppose -5*h + 850 = -5*k, -504 = -3*h - 19*k + 24*k. What is the remainder when 649 is divided by h?
130
Let k(v) = -6984*v + 6980*v + v**3 - 11*v**2 + 0*v**3 - 37. What is the remainder when k(12) is divided by 13?
7
Let k = -3067 - -4415. What is the remainder when k is divided by 18?
16
Let k(m) = 28*m + 3234. What is the remainder when 616 is divided by k(-111)?
112
Let q = 33093 + -32209. What is the remainder when q is divided by 89?
83
Let m = -44 - -79. Calculate the remainder when m is divided by (1 - 0)*(-287 + -19)/(-17).
17
Let o be -4*21/28 + 17. Suppose 17 = f - o. What is the remainder when 116 is divided by f?
23
Suppose 10*p + 205 - 65 = 0. Let b = p + 28. Suppose -b*f + 155 = -13*f. Calculate the remainder when f is divided by 52.
51
Calculate the remainder when 16/10 + (7 - (-72630)/75) is divided by 21.
11
Let v = -25480 - -25665. What is the remainder when 1663 is divided by v?
183
Let o = -51 - -51. Suppose -36*x + 24*x + 96 = o. What is the remainder when 61 is divided by x?
5
Suppose -4*r - 34*y + 188 = -30*y, 0 = 2*r + 3*y - 100. Calculate the remainder when 70 is divided by r.
29
Let o(v) = -19*v**3 + 2*v**2 + v. Let b = -180 + 417. Suppose -3*z = -3*w + b, z = -2*w - 2*z + 158. Calculate the remainder when w is divided by o(-1).
19
Suppose -2*w + 5*j - 29081 = -146411, -w + 58654 = 3*j. What is the remainder when w is divided by 18?
16
Suppose -11*n + 4*g + 1096 = -10*n, -n + 3*g = -1096. Let y = -702 + n. Calculate the remainder when y is divided by 12.
10
Let b = 3435 - 1329. Calculate the remainder when b is divided by 43.
42
Suppose -53*l - 3*l + 344 = -13*l. Calculate the remainder when 1865 is divided by l.
1
Suppose -121 = -3*h + p + 39, -5*h = 5*p - 260. Suppose -388*u + h = -387*u. What is the remainder when 127 is divided by u?
21
Suppose -u - b + 355 = 0, -u + 28*b + 319 = 23*b. Calculate the remainder when u is divided by 34.
9
Suppose 32 = -3*c + 38. Suppose w - 84 = -c*g, -g + 0*g - 2 = 0. What is the remainder when w is divided by 24?
16
Let p be -96*(-10)/8*1. Suppose 271*w - 266*w = p. What is the remainder when 30 is divided by w?
6
Let a = -53 - -95. Suppose 2*t = -3*d - 0*t + a, 2*d = -4*t + 20. What is the remainder when 2540/32 - (-36)/(-96) is divided by d?
15
Let p = 7 - 2. Suppose 2*t - 262 = -4*g, -p*t - 125 = -3*g + g. Suppose 0 = -5*b - 2*r + 100, 6*b - 120 = b + 2*r. What is the remainder when g is divided by b?
21
Let j be (18 - 17)/(1/4). Suppose j*a - 3 - 17 = 0. Suppose -4*p + a*p - s - 54 = 0, 105 = 2*p - s. Calculate the remainder when p is divided by 26.
25
Suppose -z + 40 = 5*x - 33, -z + 52 = -2*x. Calculate the remainder when z is divided by (79 - -12)/(-7)*-1.
6
What is the remainder when 999 is divided by (20/35)/(15/12 + (-5148)/4144)?
37
Let y be (-25)/(-5) + -5 - -206. Suppose -62 = -b - 5*n + 20, 3*b - y = -5*n. What is the remainder when b is divided by 9?
8
Suppose 4*l - 1 - 7 = 0. Suppose -l = w - 2. Let v(p) = 2*p + 66. What is the remainder when v(w) is divided by 23?
20
Suppose 23*l = 3889 + 8738. Calculate the remainder when l is divided by 64.
37
Let c(j) = j**3 - 15*j**2 + 15*j + 3. Suppose 0 = -4*s - 2*z + 54, -s + 2*z = -2*z - 36. What is the remainder when (s/20)/((-4)/(-330)) is divided by c(14)?
15
Suppose 2*n - 7*n = 5*k, 0 = -5*k - 4*n. Suppose k = 8*u - 63 - 49. What is the remainder when 55 is divided by u?
13
Let t(u) = -u**3 - 46*u**2 - 16*u + 95. What is the remainder when t(-46) is divided by 49?
47
Let v(h) be the first derivative of -16*h**2 + 2*h + 3. Let c(i) = 5*i - 77. Let u be c(15). Calculate the remainder when v(u) is divided by 23.
20
Let o(l) = l**3 - 7*l**2 - 7*l + 5. Let f = -74 - -73. Let j(c) = -3*c + 5. Let n be j(f). Calculate the remainder when 48 is divided by o(n).
9
Let g(s) be the second derivative of s**3/3 - 2*s**2 - s. Let n = 10 - 0. What is the remainder when 63 is divided by g(n)?
15
Calculate the remainder when 574 is divided by 101/3 - 6/9 - 6.
7
Let v be 228*(-1 + 7/2). Suppose 0 = -2*i - 2*k + 216, -2*i = 3*i - k - v. What is the remainder when i is divided by -3 + 5491/170 + 12/(-40)?
26
Let s = 735 - 711. Suppose 0 = 60*j - s*j - 1188. What is the remainder when 194 is divided by j?
29
Let d(z) = -17*z**2 - 1245*z - 66. Calculate the remainder when d(-72) is divided by 58.
54
Suppose 1450 = 3*d - 22*s + 21*s, 16 = 2*s. What is the remainder when d is divided by 159?
9
Suppose -5*p - 52 = -4*d - p, 3*p + 22 = 2*d. Sup